{"id":843,"date":"2025-11-10T15:15:02","date_gmt":"2025-11-10T18:15:02","guid":{"rendered":"https:\/\/tche.br\/?page_id=843"},"modified":"2025-11-10T15:50:53","modified_gmt":"2025-11-10T18:50:53","slug":"apresentacoes-wtr-2025","status":"publish","type":"page","link":"https:\/\/tche.br\/index.php\/apresentacoes-wtr-2025\/","title":{"rendered":"Apresenta\u00e7\u00f5es WTR 2025"},"content":{"rendered":"\t\t<div data-elementor-type=\"wp-page\" data-elementor-id=\"843\" class=\"elementor elementor-843\">\n\t\t\t\t<div class=\"elementor-element elementor-element-b493605 e-flex e-con-boxed e-con e-parent\" data-id=\"b493605\" data-element_type=\"container\" data-e-type=\"container\">\n\t\t\t\t\t<div class=\"e-con-inner\">\n\t\t\t\t<div class=\"elementor-element elementor-element-68f7f0be elementor-widget elementor-widget-text-editor\" data-id=\"68f7f0be\" data-element_type=\"widget\" data-e-type=\"widget\" data-widget_type=\"text-editor.default\">\n\t\t\t\t<div class=\"elementor-widget-container\">\n\t\t\t\t\t\t\t\t\t<p><\/p>\n<p>Apresenta\u00e7\u00f5es do WTR \u2013 Outubro de 2025<\/p>\n<p><\/p>\t\t\t\t\t\t\t\t<\/div>\n\t\t\t\t<\/div>\n\t\t\t\t<div class=\"elementor-element elementor-element-24f2a4c elementor-widget elementor-widget-text-editor\" data-id=\"24f2a4c\" data-element_type=\"widget\" data-e-type=\"widget\" data-widget_type=\"text-editor.default\">\n\t\t\t\t<div class=\"elementor-widget-container\">\n\t\t\t\t\t\t\t\t\t<p>22 DE OUTUBRO<\/p>\n<p><a href=\"https:\/\/tche.br\/wp-content\/uploads\/2025\/11\/WTRS_POP_RS_2025-2210-0930-IAGerenciadeRedes-LUCIANOGASPARY.pdf\" target=\"_blank\" style=\"font-size: 16px;\">Intelig\u00eancia Artificial para Ger\u00eancia de Redes usando Redes Program\u00e1veis<\/a><\/p>\n<p>Luciano Gaspary<\/p>\n<p><br><\/p>\n<p><a href=\"https:\/\/tche.br\/wp-content\/uploads\/2025\/11\/WTRS_POP_RS_2025-2210-1010-HDBHUB-CRISTIANERODRIGUES.pdf\" target=\"_blank\" style=\"font-size: 16px;\">Hackers do Bem<\/a><\/p>\n<p>Cristiane Rodrigues<\/p>\n<p><br><\/p>\n<p><a href=\"https:\/\/tche.br\/wp-content\/uploads\/2025\/11\/WTRS_POP_RS_2025-2210-1010-HDBHUB-CRISTIANERODRIGUES.pdf\" target=\"_blank\" style=\"font-size: 16px;\">A Investiga\u00e7\u00e3o Digital e Protagonismo dos Provedores de Aplica\u00e7\u00e3o e Conex\u00e3o<\/a><\/p>\n<p>Filipe Borges Bringhenti<\/p>\n<p><br><\/p>\n<p><a href=\"https:\/\/tche.br\/wp-content\/uploads\/2025\/11\/WTRS_POP_RS_2025-2210-1130-RNPmais-ISALAMARAO.pdf\" target=\"_blank\" style=\"font-size: 16px;\">RNP+ Apresenta\u00e7\u00e3o dos servi\u00e7os especiais da RNP<\/a><\/p>\n<p>Isa Lamar\u00e3o<\/p>\n<p><br><\/p>\n<p><a href=\"https:\/\/tche.br\/wp-content\/uploads\/2025\/11\/WTRS_POP_RS_2025-2210-1400-ConectaRS-OSWALDOALVES.pdf\" target=\"_blank\" style=\"font-size: 16px;\">Painel Conecta-RS &#8211; Cria\u00e7\u00e3o de Infovia no Interior do RS<\/a><\/p>\n<p>Jussara Issa Musse<\/p>\n<p>Oswaldo de Freitas Alves<\/p>\n<p>Rafael Pontes Lima<\/p>\n<p><br><\/p>\n<p><a href=\"https:\/\/tche.br\/wp-content\/uploads\/2025\/11\/WTRS_POP_RS_2025-2210-1630-ConstruindoRedesWifi-EDUARDOANHAIA.pdf\" target=\"_blank\" style=\"font-size: 16px;\">Construindo Redes Wi-fi com Alta Confiabilidade: O Guia para Abandonar os Cabos<\/a><\/p>\n<p>Eduardo de Anhaia Souza<\/p>\n<p><br><\/p>\n<p><a href=\"https:\/\/tche.br\/wp-content\/uploads\/2025\/11\/WTRS_POP_RS_2025-2210-1700-ChamadaTrabalhos-BackupRemotoIFRS.pdf\" target=\"_blank\" style=\"font-size: 16px;\">Chamada de Trabalhos: Implementa\u00e7\u00e3o de Backup Remoto do IFRS Campus Porto Alegre<\/a><\/p>\n<p>Lucas Klein Pereira<\/p>\n<p>Marcos Rafael Correa Miranda<\/p>\n<p><br><\/p>\n<p><a href=\"https:\/\/tche.br\/wp-content\/uploads\/2025\/11\/WTRS_POP_RS_2025-2210-1720-TrueStateSNA-JERONIMOMENEZES.pdf\" target=\"_blank\" style=\"font-size: 16px;\">Chamada de Trabalhos: TrueState-SNA: Uma Solu\u00e7\u00e3o Baseada em SSoT para Automa\u00e7\u00e3o de Redes Heterog\u00eaneas<\/a><\/p>\n<p>Jer\u00f4nimo Menezes<\/p>\n<p><br><\/p>\n<p><a href=\"https:\/\/tche.br\/wp-content\/uploads\/2025\/11\/WTRS_POP_RS_2025-2210-1740-ChamadaTrabalhos-ResilienciadasRedesMoveis-DANIELMEYER.pdf\" target=\"_blank\" style=\"font-size: 16px;\">Chamada de Trabalhos: Resili\u00eancia das Redes M\u00f3veis Legadas nas Telecomunica\u00e7\u00f5es<\/a><\/p>\n<p>Daniel Meyer<\/p>\n<p><br><\/p>\n<p>23 DE OUTUBRO<\/p>\n<p><a href=\"https:\/\/tche.br\/wp-content\/uploads\/2025\/11\/WTRS_POP_RS_2025-2310-0900-TimedeSeguranca-RILDOSOUZA.pdf\" target=\"_blank\" style=\"font-size: 16px;\">Como um Time de Seguran\u00e7a Ofensiva Pode Fortalecer a Prote\u00e7\u00e3o da Sua Organiza\u00e7\u00e3o<\/a><\/p>\n<p>Rildo Souza<\/p>\n<p><br><\/p>\n<p><a href=\"https:\/\/tche.br\/wp-content\/uploads\/2025\/11\/WTRS_POP_RS_2025-2310-0930-ProtecaoeResilienciaSOCsDistribuidos-RICARDOFELIPE.pdf\" target=\"_blank\" style=\"font-size: 16px;\">Iniciativa do SOC (Centro de Opera\u00e7\u00f5es de Seguran\u00e7a) no RS<\/a><\/p>\n<p>Ricardo Filipe<\/p>\n<p><br><\/p>\n<p><a href=\"https:\/\/tche.br\/wp-content\/uploads\/2025\/11\/WTRS_POP_RS_2025-2310-1100-MulherUniversoTI-TATIANAPONTES_v2.pdf\" target=\"_blank\" style=\"font-size: 16px;\">Roda de Conversa: A Mulher no Universo de TI do RS<\/a><\/p>\n<p>Andressa Krech Broges<\/p>\n<p>Carla Pires<\/p>\n<p>Fernanda Figueira<\/p>\n<p>Rochele Moreira<\/p>\n<p>Tatiana Pontes<\/p>\n<p><br><\/p>\n<p><a href=\"https:\/\/tche.br\/wp-content\/uploads\/2025\/11\/WTRS_POP_RS_2025-2310-1330-InfraestruturaServicosClientesPOP-DIEGO-GUSTAVO.pdf\" target=\"_blank\" style=\"font-size: 16px;\">POP\/RS&nbsp; &#8211; Infraestrutura e Servi\u00e7os Dispon\u00edveis para Clientes<\/a><\/p>\n<p>DIEGO E GUSTAVO<\/p>\n<p><br><\/p>\n<p><a href=\"https:\/\/tche.br\/wp-content\/uploads\/2025\/11\/WTRS_POP_RS_2025-2310-1400-RedesComunitariasMetropoa-CESARLOUREIRO.pdf\" target=\"_blank\" style=\"font-size: 16px;\">Experi\u00eancias da Cria\u00e7\u00e3o, Gest\u00e3o e Manuten\u00e7\u00e3o da Rede metropoa (Redes Comunit\u00e1rias de Educa\u00e7\u00e3o e Pesquisa de Porto Alegre)<\/a><\/p>\n<p>C\u00e9sar Loureiro<\/p>\n<p><br><\/p>\n<p><a href=\"https:\/\/tche.br\/wp-content\/uploads\/2025\/11\/WTRS_POP_RS_2025-2310-1430-OpenRAN-CRISTIANOBOTH.pdf\" target=\"_blank\" style=\"font-size: 16px;\">O Projeto OpenRAN 5G (Rede de Acesso por R\u00e1dio)<\/a><\/p>\n<p>Cristiano Bonato Both<\/p>\n<p><br><\/p>\n<p><a href=\"https:\/\/tche.br\/wp-content\/uploads\/2025\/11\/WTRS_POP_RS_2025-2310-1500-ParquesTecnologicos-RAFAELVALLE.pdf\" target=\"_blank\" style=\"font-size: 16px;\">Como a RNP pode Apoiar a Transforma\u00e7\u00e3o Digital de Ambientes de Inova\u00e7\u00e3o<\/a><\/p><p>Rafael Valle<\/p>\t\t\t\t\t\t\t\t<\/div>\n\t\t\t\t<\/div>\n\t\t\t\t\t<\/div>\n\t\t\t\t<\/div>\n\t\t<div class=\"elementor-element elementor-element-0e5cf84 e-flex e-con-boxed e-con e-parent\" data-id=\"0e5cf84\" data-element_type=\"container\" data-e-type=\"container\">\n\t\t\t\t\t<div class=\"e-con-inner\">\n\t\t<div class=\"elementor-element elementor-element-6035565 e-con-full e-flex e-con e-child\" data-id=\"6035565\" data-element_type=\"container\" data-e-type=\"container\">\n\t\t\t\t<\/div>\n\t\t<div class=\"elementor-element elementor-element-c7e83d7 e-con-full e-flex e-con e-child\" data-id=\"c7e83d7\" data-element_type=\"container\" data-e-type=\"container\">\n\t\t\t\t<\/div>\n\t\t\t\t\t<\/div>\n\t\t\t\t<\/div>\n\t\t<div class=\"elementor-element elementor-element-56e17a1 e-flex e-con-boxed e-con e-parent\" data-id=\"56e17a1\" data-element_type=\"container\" data-e-type=\"container\">\n\t\t\t\t\t<div class=\"e-con-inner\">\n\t\t\t\t\t<\/div>\n\t\t\t\t<\/div>\n\t\t<div class=\"elementor-element elementor-element-ffcb9ac e-flex e-con-boxed e-con e-parent\" data-id=\"ffcb9ac\" data-element_type=\"container\" data-e-type=\"container\">\n\t\t\t\t\t<div class=\"e-con-inner\">\n\t\t\t\t\t<\/div>\n\t\t\t\t<\/div>\n\t\t\t\t<\/div>\n\t\t","protected":false},"excerpt":{"rendered":"<p>Apresenta\u00e7\u00f5es do WTR \u2013 Outubro de 2025 22 DE OUTUBRO Intelig\u00eancia Artificial para Ger\u00eancia de Redes usando Redes Program\u00e1veis Luciano Gaspary Hackers do Bem Cristiane Rodrigues A Investiga\u00e7\u00e3o Digital e Protagonismo dos Provedores de Aplica\u00e7\u00e3o e Conex\u00e3o Filipe Borges Bringhenti RNP+ Apresenta\u00e7\u00e3o dos servi\u00e7os especiais da RNP Isa Lamar\u00e3o Painel Conecta-RS &#8211; Cria\u00e7\u00e3o de Infovia [&hellip;]<\/p>\n","protected":false},"author":1,"featured_media":0,"parent":0,"menu_order":0,"comment_status":"closed","ping_status":"closed","template":"","meta":{"saved_in_kubio":false,"om_disable_all_campaigns":false,"_monsterinsights_skip_tracking":false,"_monsterinsights_sitenote_active":false,"_monsterinsights_sitenote_note":"","_monsterinsights_sitenote_category":0,"_uf_show_specific_survey":0,"_uf_disable_surveys":false,"footnotes":""},"class_list":["post-843","page","type-page","status-publish","hentry"],"aioseo_notices":[],"kubio_ai_page_context":{"short_desc":"","purpose":"general"},"_links":{"self":[{"href":"https:\/\/tche.br\/index.php\/wp-json\/wp\/v2\/pages\/843","targetHints":{"allow":["GET"]}}],"collection":[{"href":"https:\/\/tche.br\/index.php\/wp-json\/wp\/v2\/pages"}],"about":[{"href":"https:\/\/tche.br\/index.php\/wp-json\/wp\/v2\/types\/page"}],"author":[{"embeddable":true,"href":"https:\/\/tche.br\/index.php\/wp-json\/wp\/v2\/users\/1"}],"replies":[{"embeddable":true,"href":"https:\/\/tche.br\/index.php\/wp-json\/wp\/v2\/comments?post=843"}],"version-history":[{"count":27,"href":"https:\/\/tche.br\/index.php\/wp-json\/wp\/v2\/pages\/843\/revisions"}],"predecessor-version":[{"id":965,"href":"https:\/\/tche.br\/index.php\/wp-json\/wp\/v2\/pages\/843\/revisions\/965"}],"wp:attachment":[{"href":"https:\/\/tche.br\/index.php\/wp-json\/wp\/v2\/media?parent=843"}],"curies":[{"name":"wp","href":"https:\/\/api.w.org\/{rel}","templated":true}]}}